{"id":197,"date":"2015-07-30T22:12:58","date_gmt":"2015-07-30T20:12:58","guid":{"rendered":"http:\/\/novusvita.se\/?page_id=197"},"modified":"2019-03-22T20:08:41","modified_gmt":"2019-03-22T19:08:41","slug":"om-mig-2","status":"publish","type":"page","link":"https:\/\/novusvita.se\/?page_id=197","title":{"rendered":"Om mig"},"content":{"rendered":"<p>Att jag valt att jobba med coaching \u00e4r att jag har en tro p\u00e5 att vi alla har enorma f\u00f6rm\u00e5gor att f\u00f6r\u00e4ndra det vi vill, men ibland beh\u00f6ver vi lite hj\u00e4lp p\u00e5 traven.<\/p>\n<p>Jag ing\u00e5r i N\u00e4tverket av mindfulnessinstrukt\u00f6rer i Mindfulnesscenter AB och \u00e4r utbildad av Dr Ola Schenstr\u00f6m. Ola \u00e4r l\u00e4kare sedan 35 \u00e5r och specialist i allm\u00e4nmedicin och en av Sveriges ledande experter p\u00e5 mindfulness. Han \u00e4r utbildad i USA av bland andra professor emeritus Jon Kabat-Zinn som ocks\u00e5 skrivit f\u00f6rordet till Olas bok Mindfulness i vardagen.<\/p>\n<p>Utbildningar och certifieringar jag genomf\u00f6rt.<\/p>\n<ul>\n<li>MAP Medarbetarprogram 2005<\/li>\n<li>Human Element 2007<\/li>\n<li>FIRO-Modellen 2007<\/li>\n<li>ICC Certified International Coach 2010<\/li>\n<li>Certified CTT consultant 2011 (Cultural Transformation Tools)<\/li>\n<li>ICC Certified International Teamcoach 2011<\/li>\n<li>CTT Culture Transformation Tool (Part one) 2011<\/li>\n<li>ICC Certified International Business Coach 2012<\/li>\n<li>CTT Culture Transformation Tool (Part two) 2012<\/li>\n<li>Mindfulness Practitioner (SLH) 2013<\/li>\n<li>Mindfulness instrukt\u00f6r steg 1 (Mindfulness Center) 2013<\/li>\n<li>Mindfulness instrukt\u00f6r steg 2 (Mindfulness Center) h\u00f6sten 2016 &#8211; v\u00e5ren 2017<\/li>\n<\/ul>\n<p>Innehar F-skattsedel.<\/p>\n","protected":false},"excerpt":{"rendered":"<p>Att jag valt att jobba med coaching \u00e4r att jag har en tro p\u00e5 att vi alla har enorma f\u00f6rm\u00e5gor att f\u00f6r\u00e4ndra det vi vill, men ibland beh\u00f6ver vi lite hj\u00e4lp p\u00e5 traven. Jag ing\u00e5r i N\u00e4tverket av mindfulnessinstrukt\u00f6rer i Mindfulnesscenter AB och \u00e4r utbildad av Dr Ola Schenstr\u00f6m. Ola \u00e4r l\u00e4kare sedan 35 \u00e5r &hellip; <\/p>\n<p class=\"link-more\"><a href=\"https:\/\/novusvita.se\/?page_id=197\" class=\"more-link\">Continue reading<span class=\"screen-reader-text\"> &#8220;Om mig&#8221;<\/span><\/a><\/p>\n","protected":false},"author":1,"featured_media":0,"parent":0,"menu_order":0,"comment_status":"closed","ping_status":"closed","template":"","meta":{"ngg_post_thumbnail":0,"footnotes":""},"class_list":["post-197","page","type-page","status-publish","hentry"],"_links":{"self":[{"href":"https:\/\/novusvita.se\/index.php?rest_route=\/wp\/v2\/pages\/197","targetHints":{"allow":["GET"]}}],"collection":[{"href":"https:\/\/novusvita.se\/index.php?rest_route=\/wp\/v2\/pages"}],"about":[{"href":"https:\/\/novusvita.se\/index.php?rest_route=\/wp\/v2\/types\/page"}],"author":[{"embeddable":true,"href":"https:\/\/novusvita.se\/index.php?rest_route=\/wp\/v2\/users\/1"}],"replies":[{"embeddable":true,"href":"https:\/\/novusvita.se\/index.php?rest_route=%2Fwp%2Fv2%2Fcomments&post=197"}],"version-history":[{"count":12,"href":"https:\/\/novusvita.se\/index.php?rest_route=\/wp\/v2\/pages\/197\/revisions"}],"predecessor-version":[{"id":269,"href":"https:\/\/novusvita.se\/index.php?rest_route=\/wp\/v2\/pages\/197\/revisions\/269"}],"wp:attachment":[{"href":"https:\/\/novusvita.se\/index.php?rest_route=%2Fwp%2Fv2%2Fmedia&parent=197"}],"curies":[{"name":"wp","href":"https:\/\/api.w.org\/{rel}","templated":true}]}}

<p>Att jag valt att jobba med coaching är att jag har en tro på att vi alla har enorma förmågor att förändra det vi vill, men ibland behöver vi lite hjälp på traven.</p>
<p>Jag ingår i Nätverket av mindfulnessinstruktörer i Mindfulnesscenter AB och är utbildad av Dr Ola Schenström. Ola är läkare sedan 35 år och specialist i allmänmedicin och en av Sveriges ledande experter på mindfulness. Han är utbildad i USA av bland andra professor emeritus Jon Kabat-Zinn som också skrivit förordet till Olas bok Mindfulness i vardagen.</p>
<p>Utbildningar och certifieringar jag genomfört.</p>
<ul>
<li>MAP Medarbetarprogram 2005</li>
<li>Human Element 2007</li>
<li>FIRO-Modellen 2007</li>
<li>ICC Certified International Coach 2010</li>
<li>Certified CTT consultant 2011 (Cultural Transformation Tools)</li>
<li>ICC Certified International Teamcoach 2011</li>
<li>CTT Culture Transformation Tool (Part one) 2011</li>
<li>ICC Certified International Business Coach 2012</li>
<li>CTT Culture Transformation Tool (Part two) 2012</li>
<li>Mindfulness Practitioner (SLH) 2013</li>
<li>Mindfulness instruktör steg 1 (Mindfulness Center) 2013</li>
<li>Mindfulness instruktör steg 2 (Mindfulness Center) hösten 2016 &#8211; våren 2017</li>
</ul>
<p>Innehar F-skattsedel.</p>

<p>Att jag valt att jobba med coaching är att jag har en tro på att vi alla har enorma förmågor att förändra det vi vill, men ibland behöver vi lite hjälp på traven. Jag ingår i Nätverket av mindfulnessinstruktörer i Mindfulnesscenter AB och är utbildad av Dr Ola Schenström. Ola är läkare sedan 35 år &hellip; </p>
<p class="link-more"><a href="https://novusvita.se/?page_id=197" class="more-link">Continue reading<span class="screen-reader-text"> &#8220;Om mig&#8221;</span></a></p>
